{"id":2697,"date":"2020-09-21T16:44:02","date_gmt":"2020-09-21T16:44:02","guid":{"rendered":"https:\/\/staging.merceariacacilda.pt\/?page_id=2697"},"modified":"2020-09-21T22:40:54","modified_gmt":"2020-09-21T22:40:54","slug":"sobre-nos","status":"publish","type":"page","link":"https:\/\/staging.merceariacacilda.pt\/?page_id=2697","title":{"rendered":"Sobre n\u00f3s"},"content":{"rendered":"<div class=\"wpb-content-wrapper\"><p>[vc_row equal_height=&#8221;yes&#8221; content_placement=&#8221;top&#8221; wrap_container=&#8221;yes&#8221; css=&#8221;.vc_custom_1600726745848{padding-top: 40px !important;padding-bottom: 40px !important;}&#8221; el_class=&#8221;about-us-company&#8221;][vc_column width=&#8221;1\/2&#8243; text_align=&#8221;left&#8221;]<div class=\"porto-toggles wpb_content_element  toggle-lg\">[vc_toggle title=&#8221;Quem somos&#8221;]Somos uma mercearia familiar, h\u00e1 50 anos aberta no concelho de Gondomar, freguesia de S. Cosme.<\/p>\n<p>A presen\u00e7a online faz de n\u00f3s um neg\u00f3cio de tr\u00eas gera\u00e7\u00f5es. O nome vem da primeira, a segunda gere-o desde que se lembra e \u00e9 a terceira que aqui escreve.<\/p>\n<p>Queremos levar a sua casa, aquilo que marca a experi\u00eancia em loja, um servi\u00e7o pr\u00f3ximo, sempre dispon\u00edvel.<\/p>\n<p>O cat\u00e1logo \u00e9 diversificado. E \u00e9 com prazer que procuramos os produtos da melhor qualidade.[\/vc_toggle][vc_toggle title=&#8221;Condi\u00e7\u00f5es de entrega&#8221; custom_font_container=&#8221;tag:h3|text_align:left&#8221; custom_use_theme_fonts=&#8221;yes&#8221; use_custom_heading=&#8221;true&#8221;]Por favor, consulte aqui a disponibilidade de entrega na sua morada.<\/p>\n<p>O valor m\u00ednimo de encomenda \u00e9 de 25\u20ac. S\u00e3o gr\u00e1tis as encomendas de valor superior a 99\u20ac. Para encomendas de valor inferior, consulte aqui os custos de entrega.<\/p>\n<p>O pagamento pode ser efetuado at\u00e9 ao momento da entrega, utilizando um dos m\u00e9todos dispon\u00edveis no site.<\/p>\n<p>As entregas s\u00e3o realizadas at\u00e9 dois \u00fateis ap\u00f3s a data da encomenda. No caso de encomendas at\u00e9 as 19 horas, \u00e9 considerado o pr\u00f3prio dia. Depois dessa hora, \u00e9 considerado o dia seguinte.<\/p>\n<p>O cliente \u00e9 sempre contactado para que seja combinada a hora de entrega. No caso de indisponibilidade de algum produto, a entrega pode ser adiada por op\u00e7\u00e3o do cliente[\/vc_toggle][vc_toggle title=&#8221;Fale connosco&#8221;]Tem d\u00favidas sobre algum produto ou sobre as condi\u00e7\u00f5es de entrega?<\/p>\n<p>Diga-nos que produto gostava de ver na loja.<\/p>\n<div class=\"porto-block\" data-id=\"2716\">[vc_row][vc_column]<div class=\"porto-u-icons\">\n<div class=\"porto-icon \"  style=\"font-size:30px;margin-right:5px;\">\n\t<i class=\"fas fa-phone-volume\"><\/i>\n<\/div>\n<div class=\"porto-icon \"  style=\"font-size:30px;margin-right:5px;\">\n\t<i class=\"fas fa-envelope\"><\/i>\n<\/div>\n<div class=\"porto-icon \"  style=\"font-size:30px;margin-right:5px;\">\n\t<i class=\"fab fa-whatsapp-square\"><\/i>\n<\/div>\n<div class=\"porto-icon \"  style=\"font-size:30px;margin-right:5px;\">\n\t<i class=\"fab fa-facebook-messenger\"><\/i>\n<\/div><\/div>[\/vc_column][\/vc_row]<\/div>[\/vc_toggle]<\/div>[\/vc_column][vc_column width=&#8221;1\/2&#8243;][vc_single_image image=&#8221;2207&#8243; img_size=&#8221;medium&#8221; alignment=&#8221;center&#8221;][\/vc_column][\/vc_row]<\/p>\n<\/div>","protected":false},"excerpt":{"rendered":"<p>[vc_row equal_height=&#8221;yes&#8221; content_placement=&#8221;top&#8221; wrap_container=&#8221;yes&#8221; css=&#8221;.vc_custom_1600726745848{padding-top: 40px !important;padding-bottom: 40px !important;}&#8221; el_class=&#8221;about-us-company&#8221;][vc_column width=&#8221;1\/2&#8243; text_align=&#8221;left&#8221;][\/vc_column][vc_column width=&#8221;1\/2&#8243;][vc_single_image image=&#8221;2207&#8243; img_size=&#8221;medium&#8221; alignment=&#8221;center&#8221;][\/vc_column][\/vc_row]<\/p>\n","protected":false},"author":2,"featured_media":0,"parent":0,"menu_order":0,"comment_status":"closed","ping_status":"closed","template":"","meta":{"footnotes":""},"class_list":["post-2697","page","type-page","status-publish","hentry"],"_links":{"self":[{"href":"https:\/\/staging.merceariacacilda.pt\/index.php?rest_route=\/wp\/v2\/pages\/2697","targetHints":{"allow":["GET"]}}],"collection":[{"href":"https:\/\/staging.merceariacacilda.pt\/index.php?rest_route=\/wp\/v2\/pages"}],"about":[{"href":"https:\/\/staging.merceariacacilda.pt\/index.php?rest_route=\/wp\/v2\/types\/page"}],"author":[{"embeddable":true,"href":"https:\/\/staging.merceariacacilda.pt\/index.php?rest_route=\/wp\/v2\/users\/2"}],"replies":[{"embeddable":true,"href":"https:\/\/staging.merceariacacilda.pt\/index.php?rest_route=%2Fwp%2Fv2%2Fcomments&post=2697"}],"version-history":[{"count":19,"href":"https:\/\/staging.merceariacacilda.pt\/index.php?rest_route=\/wp\/v2\/pages\/2697\/revisions"}],"predecessor-version":[{"id":2724,"href":"https:\/\/staging.merceariacacilda.pt\/index.php?rest_route=\/wp\/v2\/pages\/2697\/revisions\/2724"}],"wp:attachment":[{"href":"https:\/\/staging.merceariacacilda.pt\/index.php?rest_route=%2Fwp%2Fv2%2Fmedia&parent=2697"}],"curies":[{"name":"wp","href":"https:\/\/api.w.org\/{rel}","templated":true}]}}